 - (120/4)/(-5). Suppose 3*t = -3*o - 294, -3 = q*o - 5. Calculate the remainder when 8/6*t/(-44) is divided by 1.
0
Let x = -248 + 674. Calculate the remainder when 136 is divided by ((-10)/(-60)*x)/((-1)/(-1)).
65
Suppose -6*h + h - 1435 = 0. Let j = -198 - h. Suppose 3*k - 5*g = 54, 5*k - 35 = 4*g + 42. Calculate the remainder when j is divided by k.
11
Suppose 12*u - 8*u = 52. Let f be 3/3*45 - (0 + 1). Suppose 0*c = 2*c + b - 20, -3*b + f = 4*c. Calculate the remainder when u is divided by c.
5
Suppose 131*h - 133*h = b - 5082, -4*b = -2*h + 5112. Calculate the remainder when h is divided by 52.
48
Suppose u - 41 - 41 = 0. Let k = -7800 - -7844. What is the remainder when u is divided by k?
38
Suppose 272*n - 155*n - 3861 = 0. What is the remainder when 362 is divided by n?
32
Let p(w) = -53*w - 125. Calculate the remainder when 110/20 + -6 - 189/(-2) is divided by p(-3).
26
Suppose 2*a - 4*z + 9 = -7, 5*a = -3*z - 1. What is the remainder when 88 is divided by 50*a/(-12)*3?
13
Suppose -18*w + 11 = -97. Suppose -w*c = 29*c - 1645. Calculate the remainder when c is divided by 12.
11
Let d = 490 + -489. What is the remainder when 473 is divided by (-2)/(d/6 + 180/(-918))?
65
Suppose 11*u + 21 = -34. Let j be 0 + 4 + u + -3. What is the remainder when 48 is divided by 42/j*(14/(-3) - -2)?
20
Suppose -342 = -10*j + 88. What is the remainder when 3740 is divided by j?
42
Let l be 5*(18/10)/((-9)/6). Let p be 66/2*(3 - (-26)/l). Let a = -37 - p. Calculate the remainder when 18 is divided by a.
4
Let j be 38/(-76) + (-34)/4. Calculate the remainder when 0 - (-79 + (4 - 2)) is divided by 12/(j/(-14)*224/192).
13
Let j(i) = 6*i + 34 + 12 + 43 - 57. Let u be j(-6). Let h = u + 33. Calculate the remainder when h is divided by 17.
12
Suppose 4*q - 473 = -p + 417, 2*q - 430 = -3*p. Calculate the remainder when q is divided by 53.
12
Suppose -4*t + 5*i + 82 = 0, 2600*i - 2597*i = t - 17. Calculate the remainder when 137 is divided by t.
22
Suppose 3*j + q - 31 = 0, 6 = 2*j + 4*q + 2. Suppose 2*d - 4*f = 28, j*f = -3*d + 9*f + 60. Suppose -2 = c - 5. Calculate the remainder when d is divided by c.
0
Let p(m) = 2*m**2 - 12*m + 15. Let k be (5 - (-10 - -9))/(1/1). What is the remainder when 88 is divided by p(k)?
13
Let f(w) = -2*w - 14. Let l be f(-8). Let o be 3 - 17*(l + -5). Suppose -4 - o = -d. Calculate the remainder when d is divided by 16.
10
Let k = -7 + 25. Let c(d) = d**3 - 2*d - k - 16*d**2 + 19*d + 2*d**3 - 2*d**3. What is the remainder when 45 is divided by c(15)?
9
Suppose 3*a + 15 = -4*r - 0, -25 = 5*a. Suppose -11*p - 24*p + 3920 = r. What is the remainder when p is divided by 39?
34
Suppose 0*h + 98 = -7*h. Let d be (-16)/(-4)*(-249)/(-12). Let r = d + h. What is the remainder when r is divided by 18?
15
Suppose -w = -4*b - 125, -2*b + 4 = -3*b. Suppose -9*k + w = -17. Suppose 2*p + 5*q = 16, -2*q + k = p - q. Calculate the remainder when 47 is divided by p.
11
Let d = 8343 + -8228. What is the remainder when 327 is divided by d?
97
Let i(t) = -14*t - 3. Calculate the remainder when (18/24 + 0)*(-19044)/(-27) is divided by i(-4).
52
Let y = -67 - -84. Suppose 4*q + 29 = y. Calculate the remainder when 44 is divided by 45*2/q*4/(-10).
8
Let v = -1368 + 2289. What is the remainder when v is divided by 11?
8
Let a(h) = 29*h. Let n(i) = -i**3 + 126*i**2 - 30*i + 3801. What is the remainder when a(2) is divided by n(126)?
16
Let v = 18 + -32. Let j = v - -77. Suppose 49 = 4*y + 2*o + o, -2*o = -y + 26. What is the remainder when j is divided by y?
15
Let a be (-16 - -4)/(-6)*1502/4. Suppose -4*p = -4, 2*p + a = -5*c + 8*c. Calculate the remainder when c is divided by 63.
62
Suppose 219*d - 3621 = -32*d + 11690. Calculate the remainder when 4573 is divided by d.
59
Let c = -272 - -107. Let m = -157 - c. What is the remainder when 686 is divided by m?
6
What is the remainder when 625 is divided by 366*3/6 + (-2)/(10 + -8)?
79
Suppose -16*l + 86*l = 2520. Suppose 5*t - 2 = -k, -t - k + 2*k = -4. Calculate the remainder when t*(0 + 207)/3 is divided by l.
33
Suppose 0 = -235*w - 141*w + 283504. Calculate the remainder when w is divided by 42.
40
Let y = -7726 + 7977. What is the remainder when y is divided by 86?
79
Let v = -11 + -19. What is the remainder when (370/v)/(-1) + 2/(-6) is divided by 2?
0
Calculate the remainder when 1815 is divided by (-6027)/(-343) - 3*(-2)/14.
15
What is the remainder when 302 is divided by (20/(-25))/(-1 - (-46)/50)?
2
Let q(f) = -31*f**2 + 270*f + 1. What is the remainder when q(6) is divided by 117?
37
Let v be 5 - (1 + (-16 - 1)). What is the remainder when (v - (-2 + -2)) + (0 - -4) is divided by 17?
12
Suppose -881 = -36*j - 197. Calculate the remainder when 54 is divided by j.
16
Let k(t) = -t + 1. Let a be k(0). Suppose p + 3*j = -8, 12 = -4*p - 4*j + 2*j. What is the remainder when 25 is divided by a - -3*(3 + p)?
1
What is the remainder when 345 is divided by (-13)/(325/(-415))*10/2?
13
Let a = -7769 + 8982. What is the remainder when a is divided by 47?
38
Let u(b) be the second derivative of -b**5/20 - 5*b**4/6 - b**3 - 5*b**2 - 62*b. Calculate the remainder when 99 is divided by u(-10).
49
Calculate the remainder when 3884 is divided by 8/18 - 8/(1008/(-13930)).
110
Let a(b) = 19*b**2 + 21*b - 61. What is the remainder when a(-9) is divided by 108?
101
Let r(g) = 5*g**3 - 170*g**2 + 27*g - 63. What is the remainder when r(34) is divided by 145?
130
Let d = 121 + -221. Let x = 102 + d. What is the remainder when 1/x*(-1248)/(-26) is divided by 11?
2
Let c = 285 + -279. Suppose 0 = -4*r + 5*l + 115 + c, -4*l + 114 = 3*r. Calculate the remainder when 71 is divided by r.
3
Let z(t) = 141*t**2 - 143*t - 696. Calculate the remainder when z(-5) is divided by 197.
195
Suppose -109*r = -104*r - 2*n - 3768, -r + 756 = -n. What is the remainder when 3783 is divided by r?
23
Let v = -11546 - -11633. What is the remainder when 2870 is divided by v?
86
Let a(s) = 2*s**2 + 15*s + 9. Suppose -4*c = -15*c - 88. Suppose 3*o = 3*y + 3, 26 = 4*y + o + o. Calculate the remainder when a(c) is divided by y.
1
Let u = 847 - 611. What is the remainder when u is divided by 80?
76
Suppose -135*y - 88*y - 508 = -10989. What is the remainder when 210 is divided by y?
22
Let v = -3519 + 3529. Let o = 231 - 94. Calculate the remainder when o is divided by v.
7
Let c be (1 - -1300) + (-12)/(-12). Suppose 2*x = -x - 5*d + c, -4*x = 2*d - 1750. Calculate the remainder when x is divided by 40.
39
Suppose -29*r + 11440 = -13*r. Calculate the remainder when r is divided by 237.
4
Let q be 1*(-1)/(-4) + (-6)/24. Suppose q = -7*c + 9 + 5. Suppose -4*f = -5*r + 74, -r = -3*f - c*f - 19. Calculate the remainder when 69 is divided by r.
13
Let g(w) = 601*w - 2996. What is the remainder when 6/15 - 198/(-5) is divided by g(5)?
4
Let s(m) = 7 + 12 - m - 5 + 6 + 0. Suppose 3*b - 4*w = -2*b + 68, -74 = -5*b + 2*w. What is the remainder when 9 is divided by s(b)?
1
Let g = -63 + 59. Let h = g + 27. Suppose 25*m - 18 = h*m. What is the remainder when 35 is divided by m?
8
Let s(z) = 3*z + 17. What is the remainder when 148 is divided by s(5)?
20
Let c = 112 - 110. Suppose -4*t - 5*g + 41 = -84, 4*t + c*g - 122 = 0. What is the remainder when 148 is divided by t?
28
Let c be (6/(-18))/(4/(-360)). Suppose -5*s - p + 148 = -20, 2*p - c = -s. What is the remainder when s is divided by 9?
7
Let f = -1 + 25. Let t = -2 + 5. Suppose 0 = -3*j + 3, 2*i = -t*j + 12 + 9. Calculate the remainder when f is divided by i.
6
Suppose -49 = -11*g - 16. Suppose 8 = g*z - z + f, 0 = 4*z + 3*f - 16. Suppose 88 = 5*s + 43. What is the remainder when s is divided by z?
1
Suppose 56*y - 803 = -p + 52*y, 4*p - 3122 = 2*y. What is the remainder when p is divided by 72?
63
Suppose 345*l + 2*o + 2024 = 350*l, 4*l - 1614 = -o. What is the remainder when 817 is divided by l?
9
Let j(h) = h**2 - 3*h - 2. Let q(u) = 2*u + 151. Let x be q(-32). Let f = 101 - x. What is the remainder when f is divided by j(4)?
0
Suppose -7 = 6*r - 31, -2*r - 1396 = 5*n - 1484. Suppose 3*u - 170 = 64. Calculate the remainder when u is divided by n.
14
Suppose -418 + 138 = 2*y. Let o = -128 - y. What is the remainder when 35 is divided by o?
11
Let r be 2*2/4*(-55 + 57). Calculate the remainder 